{"id":197,"date":"2025-12-23T09:28:51","date_gmt":"2025-12-23T09:28:51","guid":{"rendered":"http:\/\/bernara.cluster021.hosting.ovh.net\/?page_id=197"},"modified":"2026-02-09T10:24:12","modified_gmt":"2026-02-09T10:24:12","slug":"politique-de-confidentialite","status":"publish","type":"page","link":"https:\/\/renovation-toiture-ariege.fr\/index.php\/politique-de-confidentialite\/","title":{"rendered":"Politique de confidentialit\u00e9"},"content":{"rendered":"\t\t<div data-elementor-type=\"wp-page\" data-elementor-id=\"197\" class=\"elementor elementor-197\" data-elementor-post-type=\"page\">\n\t\t\t\t<div class=\"elementor-element elementor-element-4d74aa2 e-flex e-con-boxed e-con e-parent\" data-id=\"4d74aa2\" data-element_type=\"container\">\n\t\t\t\t\t<div class=\"e-con-inner\">\n\t\t\t\t<div class=\"elementor-element elementor-element-0951907 elementor-widget elementor-widget-heading\" data-id=\"0951907\" data-element_type=\"widget\" data-widget_type=\"heading.default\">\n\t\t\t\t\t<h3 class=\"elementor-heading-title elementor-size-default\">Politique de confidentialit\u00e9<\/h3>\t\t\t\t<\/div>\n\t\t\t\t\t<\/div>\n\t\t\t\t<\/div>\n\t\t<div class=\"elementor-element elementor-element-dd7d02a e-flex e-con-boxed e-con e-parent\" data-id=\"dd7d02a\" data-element_type=\"container\">\n\t\t\t\t\t<div class=\"e-con-inner\">\n\t\t\t\t<div class=\"elementor-element elementor-element-093a94a elementor-widget__width-initial elementor-widget-mobile__width-initial elementor-widget elementor-widget-text-editor\" data-id=\"093a94a\" data-element_type=\"widget\" data-widget_type=\"text-editor.default\">\n\t\t\t\t\t\t\t\t\t<p>1. Responsable du traitement des donn\u00e9es<\/p><p>Le responsable du traitement des donn\u00e9es personnelles est :<\/p><p>Nom de l\u2019entreprise : Bernard Felten<br \/>Forme juridique : Entreprise individuelle<br \/>Adresse du si\u00e8ge social : Espace Grand, route du 8 Mai 1945, 09100 La tour du crieu<\/p><p>Email de contact : <span class=\"gI\"><span data-hovercard-id=\"ETIENNEFELTEN@hotmail.fr\" data-hovercard-owner-id=\"22\">etiennefelten@hotmail.fr<\/span><\/span><br \/>T\u00e9l\u00e9phone : 06 19 57 86 90<\/p><p>\u00a0<\/p><p>2. Donn\u00e9es personnelles collect\u00e9es<\/p><p>Le site peut collecter les donn\u00e9es personnelles suivantes :<\/p><p>Nom et pr\u00e9nom<\/p><p>Adresse e-mail<\/p><p>Num\u00e9ro de t\u00e9l\u00e9phone<\/p><p>Adresse postale (le cas \u00e9ch\u00e9ant)<\/p><p>Donn\u00e9es transmises via le formulaire de contact<\/p><p>Donn\u00e9es de navigation (cookies, adresse IP, type de navigateur)<\/p><p>\ud83d\udc49 Aucune donn\u00e9e personnelle n\u2019est collect\u00e9e sans ton consentement explicite.<\/p><p>\u00a0<\/p><p>3. Finalit\u00e9s de la collecte des donn\u00e9es<\/p><p>Les donn\u00e9es personnelles collect\u00e9es ont pour objectif :<\/p><p>R\u00e9pondre aux demandes de devis ou de contact<\/p><p>Assurer le suivi commercial et administratif<\/p><p>Am\u00e9liorer l\u2019exp\u00e9rience utilisateur sur le site<\/p><p>R\u00e9aliser des statistiques de fr\u00e9quentation<\/p><p>Respecter les obligations l\u00e9gales et r\u00e9glementaires<\/p><p>\u00a0<\/p><p>4. Base l\u00e9gale du traitement<\/p><p>Le traitement des donn\u00e9es personnelles repose sur :<\/p><p>Le consentement de l\u2019utilisateur<\/p><p>L\u2019ex\u00e9cution d\u2019une demande formul\u00e9e par l\u2019utilisateur<\/p><p>Le respect d\u2019obligations l\u00e9gales<\/p><p>\u00a0<\/p><p>5. Dur\u00e9e de conservation des donn\u00e9es<\/p><p>Les donn\u00e9es personnelles sont conserv\u00e9es uniquement pendant la dur\u00e9e n\u00e9cessaire aux finalit\u00e9s pour lesquelles elles ont \u00e9t\u00e9 collect\u00e9es :<\/p><p>Donn\u00e9es de contact : 3 ans maximum apr\u00e8s le dernier \u00e9change<\/p><p>Donn\u00e9es \u00e0 caract\u00e8re commercial : selon les obligations l\u00e9gales<\/p><p>Cookies : 13 mois maximum<\/p><p>\u00a0<\/p><p>6. Destinataires des donn\u00e9es<\/p><p>Les donn\u00e9es collect\u00e9es sont exclusivement destin\u00e9es \u00e0 l\u2019\u00e9diteur du site.<br \/>Elles ne sont ni vendues, ni c\u00e9d\u00e9es, ni lou\u00e9es \u00e0 des tiers.<\/p><p>Toutefois, certaines donn\u00e9es peuvent \u00eatre transmises \u00e0 des prestataires techniques (h\u00e9bergement, maintenance) uniquement dans le cadre du bon fonctionnement du site.<\/p><p>\u00a0<\/p><p>7. S\u00e9curit\u00e9 des donn\u00e9es<\/p><p>Le responsable du traitement met en \u0153uvre toutes les mesures techniques et organisationnelles n\u00e9cessaires afin de garantir la s\u00e9curit\u00e9 et la confidentialit\u00e9 des donn\u00e9es personnelles et d\u2019emp\u00eacher leur acc\u00e8s par des tiers non autoris\u00e9s.<\/p><p>\u00a0<\/p><p>8. Droits des utilisateurs<\/p><p>Conform\u00e9ment au RGPD, tu disposes des droits suivants :<\/p><p>Droit d\u2019acc\u00e8s \u00e0 tes donn\u00e9es<\/p><p>Droit de rectification<\/p><p>Droit \u00e0 l\u2019effacement (droit \u00e0 l\u2019oubli)<\/p><p>Droit d\u2019opposition au traitement<\/p><p>Droit \u00e0 la limitation du traitement<\/p><p>Droit \u00e0 la portabilit\u00e9 des donn\u00e9es<\/p><p>\ud83d\udce9 Pour exercer ces droits, il suffit d\u2019adresser une demande par e-mail \u00e0 :<br \/>\u2709\ufe0f contact@com-digitale.fr<\/p><p>\u00a0<\/p><p>9. Cookies<\/p><p>Le site utilise des cookies afin d\u2019am\u00e9liorer l\u2019exp\u00e9rience utilisateur et d\u2019analyser la fr\u00e9quentation du site.<\/p><p>Lors de ta premi\u00e8re visite, un bandeau t\u2019informe de l\u2019utilisation des cookies et te permet d\u2019accepter ou de refuser leur d\u00e9p\u00f4t.<\/p><p>Tu peux \u00e9galement configurer ton navigateur pour bloquer ou supprimer les cookies \u00e0 tout moment.<\/p><p>\u00a0<\/p><p>10. R\u00e9clamation<\/p><p>Si tu estimes que tes droits ne sont pas respect\u00e9s, tu peux d\u00e9poser une r\u00e9clamation aupr\u00e8s de la CNIL :<br \/>\ud83d\udc49 https:\/\/www.cnil.fr<\/p><p>\u00a0<\/p><p>11. Modification de la politique de confidentialit\u00e9<\/p><p>Cette politique de confidentialit\u00e9 peut \u00eatre modifi\u00e9e \u00e0 tout moment afin de rester conforme \u00e0 l\u2019\u00e9volution de la l\u00e9gislation ou du site.<br \/>La version en vigueur est celle publi\u00e9e sur le site \u00e0 la date de consultation.<\/p>\t\t\t\t\t\t\t\t<\/div>\n\t\t\t\t\t<\/div>\n\t\t\t\t<\/div>\n\t\t\t\t<\/div>\n\t\t","protected":false},"excerpt":{"rendered":"<p>Politique de confidentialit\u00e9 1. Responsable du traitement des donn\u00e9es Le responsable du traitement des donn\u00e9es personnelles est : Nom de l\u2019entreprise : Bernard FeltenForme juridique : Entreprise individuelleAdresse du si\u00e8ge social : Espace Grand, route du 8 Mai 1945, 09100 La tour du crieu Email de contact : etiennefelten@hotmail.frT\u00e9l\u00e9phone : 06 19 57 86 90 [&hellip;]<\/p>\n","protected":false},"author":1,"featured_media":0,"parent":0,"menu_order":0,"comment_status":"closed","ping_status":"closed","template":"elementor_header_footer","meta":{"footnotes":""},"class_list":["post-197","page","type-page","status-publish","hentry"],"_links":{"self":[{"href":"https:\/\/renovation-toiture-ariege.fr\/index.php\/wp-json\/wp\/v2\/pages\/197","targetHints":{"allow":["GET"]}}],"collection":[{"href":"https:\/\/renovation-toiture-ariege.fr\/index.php\/wp-json\/wp\/v2\/pages"}],"about":[{"href":"https:\/\/renovation-toiture-ariege.fr\/index.php\/wp-json\/wp\/v2\/types\/page"}],"author":[{"embeddable":true,"href":"https:\/\/renovation-toiture-ariege.fr\/index.php\/wp-json\/wp\/v2\/users\/1"}],"replies":[{"embeddable":true,"href":"https:\/\/renovation-toiture-ariege.fr\/index.php\/wp-json\/wp\/v2\/comments?post=197"}],"version-history":[{"count":4,"href":"https:\/\/renovation-toiture-ariege.fr\/index.php\/wp-json\/wp\/v2\/pages\/197\/revisions"}],"predecessor-version":[{"id":562,"href":"https:\/\/renovation-toiture-ariege.fr\/index.php\/wp-json\/wp\/v2\/pages\/197\/revisions\/562"}],"wp:attachment":[{"href":"https:\/\/renovation-toiture-ariege.fr\/index.php\/wp-json\/wp\/v2\/media?parent=197"}],"curies":[{"name":"wp","href":"https:\/\/api.w.org\/{rel}","templated":true}]}}